{"id":29245,"date":"2019-11-26T20:48:44","date_gmt":"2019-11-26T19:48:44","guid":{"rendered":"https:\/\/auxdelicesdelorient.com\/?page_id=29245"},"modified":"2019-12-06T16:59:14","modified_gmt":"2019-12-06T15:59:14","slug":"traiteur","status":"publish","type":"page","link":"https:\/\/auxdelicesdelorient.com\/english\/traiteur\/","title":{"rendered":"The caterer"},"content":{"rendered":"<div  class=\"one withsmallpadding ppb_text\" style=\"padding:30px 0 30px 0;\" >\n<div class=\"standard_wrapper\">\n<div class=\"page_content_wrapper\">\n<div class=\"inner\" >\n<div style=\"font-size: 20px;\">\n<p style=\"font-weight: 300; color: #ffffff; text-align: justify;\"><span style=\"color: #000000;\">Whether you are looking for a <span style=\"color: #ff9900;\"><strong>catering service<\/strong><\/span> for a <strong><span style=\"color: #ff9900;\">wedding<\/span><\/strong>, <span style=\"color: #000000;\">a\u00a0<\/span><strong><span style=\"color: #ff9900;\">baptism<\/span><\/strong><span style=\"color: #000000;\">, <\/span><span style=\"color: #000000;\"><span style=\"font-weight: 400;\">a <\/span><\/span><strong><span style=\"color: #ff9900;\">anniversary<\/span><\/strong><span style=\"color: #000000;\">, a <\/span><strong><span style=\"color: #ff9900;\">Communion<\/span><\/strong><span style=\"color: #000000;\"><span style=\"font-weight: 400;\">, a <\/span><\/span><strong><span style=\"color: #000000;\"><span style=\"font-weight: 400;\"><span style=\"color: #ff9900;\"><strong>going to retire <\/strong><\/span><\/span><\/span><\/strong><span style=\"color: #000000;\"><span style=\"font-weight: 400;\">or a <\/span><\/span><strong><span style=\"color: #000000;\"><span style=\"color: #ff9900;\"><strong style=\"font-weight: bold;\">repas d&#8217;entreprise<\/strong><\/span><\/span><\/strong><\/span><span style=\"color: #000000;\">\u00a0we are here to help you create the perfect menu for your perfect day.<\/span><\/p>\n<p style=\"font-weight: 300; color: #ffffff; text-align: justify;\"><span style=\"color: #000000;\">of the <span style=\"color: #ff9900;\"><strong>toast<\/strong><\/span>, a <span style=\"color: #ff9900;\"><strong>buffet <\/strong><\/span>or one <span style=\"color: #ff9900;\"><strong>traditional meal<\/strong><\/span>, our team is here to accompany you.<\/span><\/p>\n<p style=\"font-weight: 300; color: #ffffff; text-align: justify;\"><span style=\"color: #000000;\">We are dedicated to creating perfection in every element of your menu!<\/span><\/p>\n<div style=\"font-weight: 300; color: #ffffff;\">\n<p style=\"text-align: justify;\"><span style=\"color: #000000;\">Our team will take care of it.<\/span><\/p>\n<p style=\"font-weight: 300; text-align: justify;\"><span style=\"color: #000000;\">Contact us your <span style=\"color: #ff9900;\"><strong><a style=\"color: #ff9900;\" href=\"https:\/\/auxdelicesdelorient.com\/english\/nous-contacter\/\">oriental restaurant in Noyon<\/a> <\/strong><\/span>for all your requirements.<\/span><\/p>\n<\/div>\n<\/div>\n<\/div>\n<\/div>\n<\/div>\n<\/div>","protected":false},"excerpt":{"rendered":"<p>Que vous recherchiez\u00a0un service de restauration pour un mariage, un\u00a0bapt\u00eame, un anniversaire, une communion, un d\u00e9part en retraite ou bien un repas d&#8217;entreprise\u00a0nous sommes l\u00e0 pour vous aider \u00e0 cr\u00e9er le menu parfait pour votre journ\u00e9e parfaite. Des toasts, un [&hellip;]<\/p>\n","protected":false},"author":1,"featured_media":0,"parent":0,"menu_order":0,"comment_status":"closed","ping_status":"closed","template":"","meta":{"_monsterinsights_skip_tracking":false,"_monsterinsights_sitenote_active":false,"_monsterinsights_sitenote_note":"","_monsterinsights_sitenote_category":0,"footnotes":""},"yoast_head":"<!-- This site is optimized with the Yoast SEO plugin v22.6 - https:\/\/yoast.com\/wordpress\/plugins\/seo\/ -->\n<title>Le traiteur - Aux d\u00e9lices de l&#039;orient<\/title>\n<meta name=\"description\" content=\"Que vous recherchiez un service de restauration pour un mariage, un bapt\u00eame, un anniversaire, une communion, un d\u00e9part en retraite ou bien un repas d\u2019entreprise nous sommes l\u00e0 pour vous aider \u00e0 cr\u00e9er le menu parfait pour votre journ\u00e9e parfaite.\" \/>\n<meta name=\"robots\" content=\"index, follow, max-snippet:-1, max-image-preview:large, max-video-preview:-1\" \/>\n<link rel=\"canonical\" href=\"https:\/\/auxdelicesdelorient.com\/english\/traiteur\/\" \/>\n<meta property=\"og:locale\" content=\"en_GB\" \/>\n<meta property=\"og:type\" content=\"article\" \/>\n<meta property=\"og:title\" content=\"Le traiteur - Aux d\u00e9lices de l&#039;orient\" \/>\n<meta property=\"og:description\" content=\"Que vous recherchiez un service de restauration pour un mariage, un bapt\u00eame, un anniversaire, une communion, un d\u00e9part en retraite ou bien un repas d\u2019entreprise nous sommes l\u00e0 pour vous aider \u00e0 cr\u00e9er le menu parfait pour votre journ\u00e9e parfaite.\" \/>\n<meta property=\"og:url\" content=\"https:\/\/auxdelicesdelorient.com\/english\/traiteur\/\" \/>\n<meta property=\"og:site_name\" content=\"Aux d\u00e9lices de l&#039;orient\" \/>\n<meta property=\"article:publisher\" content=\"https:\/\/www.facebook.com\/auxdelicesdelorient\/\" \/>\n<meta property=\"article:modified_time\" content=\"2019-12-06T15:59:14+00:00\" \/>\n<meta property=\"og:image\" content=\"https:\/\/auxdelicesdelorient.com\/wp-content\/uploads\/2019\/12\/visu-meta-3.jpg\" \/>\n\t<meta property=\"og:image:width\" content=\"1200\" \/>\n\t<meta property=\"og:image:height\" content=\"630\" \/>\n\t<meta property=\"og:image:type\" content=\"image\/jpeg\" \/>\n<meta name=\"twitter:card\" content=\"summary_large_image\" \/>\n<script type=\"application\/ld+json\" class=\"yoast-schema-graph\">{\"@context\":\"https:\/\/schema.org\",\"@graph\":[{\"@type\":\"WebPage\",\"@id\":\"https:\/\/auxdelicesdelorient.com\/traiteur\/\",\"url\":\"https:\/\/auxdelicesdelorient.com\/traiteur\/\",\"name\":\"Le traiteur - Aux d\u00e9lices de l&#039;orient\",\"isPartOf\":{\"@id\":\"https:\/\/auxdelicesdelorient.com\/#website\"},\"datePublished\":\"2019-11-26T19:48:44+00:00\",\"dateModified\":\"2019-12-06T15:59:14+00:00\",\"description\":\"Que vous recherchiez un service de restauration pour un mariage, un bapt\u00eame, un anniversaire, une communion, un d\u00e9part en retraite ou bien un repas d\u2019entreprise nous sommes l\u00e0 pour vous aider \u00e0 cr\u00e9er le menu parfait pour votre journ\u00e9e parfaite.\",\"breadcrumb\":{\"@id\":\"https:\/\/auxdelicesdelorient.com\/traiteur\/#breadcrumb\"},\"inLanguage\":\"en-GB\",\"potentialAction\":[{\"@type\":\"ReadAction\",\"target\":[\"https:\/\/auxdelicesdelorient.com\/traiteur\/\"]}]},{\"@type\":\"BreadcrumbList\",\"@id\":\"https:\/\/auxdelicesdelorient.com\/traiteur\/#breadcrumb\",\"itemListElement\":[{\"@type\":\"ListItem\",\"position\":1,\"name\":\"Accueil\",\"item\":\"https:\/\/auxdelicesdelorient.com\/\"},{\"@type\":\"ListItem\",\"position\":2,\"name\":\"Le traiteur\"}]},{\"@type\":\"WebSite\",\"@id\":\"https:\/\/auxdelicesdelorient.com\/#website\",\"url\":\"https:\/\/auxdelicesdelorient.com\/\",\"name\":\"Aux d\u00e9lices de l&#039;orient\",\"description\":\"Restaurant Oriental \u00e0 Noyon\",\"publisher\":{\"@id\":\"https:\/\/auxdelicesdelorient.com\/#organization\"},\"potentialAction\":[{\"@type\":\"SearchAction\",\"target\":{\"@type\":\"EntryPoint\",\"urlTemplate\":\"https:\/\/auxdelicesdelorient.com\/?s={search_term_string}\"},\"query-input\":\"required name=search_term_string\"}],\"inLanguage\":\"en-GB\"},{\"@type\":\"Organization\",\"@id\":\"https:\/\/auxdelicesdelorient.com\/#organization\",\"name\":\"Aux d\u00e9lices de l'Orient\",\"url\":\"https:\/\/auxdelicesdelorient.com\/\",\"logo\":{\"@type\":\"ImageObject\",\"inLanguage\":\"en-GB\",\"@id\":\"https:\/\/auxdelicesdelorient.com\/#\/schema\/logo\/image\/\",\"url\":\"\",\"contentUrl\":\"\",\"caption\":\"Aux d\u00e9lices de l'Orient\"},\"image\":{\"@id\":\"https:\/\/auxdelicesdelorient.com\/#\/schema\/logo\/image\/\"},\"sameAs\":[\"https:\/\/www.facebook.com\/auxdelicesdelorient\/\"]}]}<\/script>\n<!-- \/ Yoast SEO plugin. -->","yoast_head_json":{"title":"Le traiteur - Aux d\u00e9lices de l&#039;orient","description":"Que vous recherchiez un service de restauration pour un mariage, un bapt\u00eame, un anniversaire, une communion, un d\u00e9part en retraite ou bien un repas d\u2019entreprise nous sommes l\u00e0 pour vous aider \u00e0 cr\u00e9er le menu parfait pour votre journ\u00e9e parfaite.","robots":{"index":"index","follow":"follow","max-snippet":"max-snippet:-1","max-image-preview":"max-image-preview:large","max-video-preview":"max-video-preview:-1"},"canonical":"https:\/\/auxdelicesdelorient.com\/english\/traiteur\/","og_locale":"en_GB","og_type":"article","og_title":"Le traiteur - Aux d\u00e9lices de l&#039;orient","og_description":"Que vous recherchiez un service de restauration pour un mariage, un bapt\u00eame, un anniversaire, une communion, un d\u00e9part en retraite ou bien un repas d\u2019entreprise nous sommes l\u00e0 pour vous aider \u00e0 cr\u00e9er le menu parfait pour votre journ\u00e9e parfaite.","og_url":"https:\/\/auxdelicesdelorient.com\/english\/traiteur\/","og_site_name":"Aux d\u00e9lices de l&#039;orient","article_publisher":"https:\/\/www.facebook.com\/auxdelicesdelorient\/","article_modified_time":"2019-12-06T15:59:14+00:00","og_image":[{"width":1200,"height":630,"url":"https:\/\/auxdelicesdelorient.com\/wp-content\/uploads\/2019\/12\/visu-meta-3.jpg","type":"image\/jpeg"}],"twitter_card":"summary_large_image","schema":{"@context":"https:\/\/schema.org","@graph":[{"@type":"WebPage","@id":"https:\/\/auxdelicesdelorient.com\/traiteur\/","url":"https:\/\/auxdelicesdelorient.com\/traiteur\/","name":"Le traiteur - Aux d\u00e9lices de l&#039;orient","isPartOf":{"@id":"https:\/\/auxdelicesdelorient.com\/#website"},"datePublished":"2019-11-26T19:48:44+00:00","dateModified":"2019-12-06T15:59:14+00:00","description":"Que vous recherchiez un service de restauration pour un mariage, un bapt\u00eame, un anniversaire, une communion, un d\u00e9part en retraite ou bien un repas d\u2019entreprise nous sommes l\u00e0 pour vous aider \u00e0 cr\u00e9er le menu parfait pour votre journ\u00e9e parfaite.","breadcrumb":{"@id":"https:\/\/auxdelicesdelorient.com\/traiteur\/#breadcrumb"},"inLanguage":"en-GB","potentialAction":[{"@type":"ReadAction","target":["https:\/\/auxdelicesdelorient.com\/traiteur\/"]}]},{"@type":"BreadcrumbList","@id":"https:\/\/auxdelicesdelorient.com\/traiteur\/#breadcrumb","itemListElement":[{"@type":"ListItem","position":1,"name":"Accueil","item":"https:\/\/auxdelicesdelorient.com\/"},{"@type":"ListItem","position":2,"name":"Le traiteur"}]},{"@type":"WebSite","@id":"https:\/\/auxdelicesdelorient.com\/#website","url":"https:\/\/auxdelicesdelorient.com\/","name":"Aux d\u00e9lices de l&#039;orient","description":"Restaurant Oriental \u00e0 Noyon","publisher":{"@id":"https:\/\/auxdelicesdelorient.com\/#organization"},"potentialAction":[{"@type":"SearchAction","target":{"@type":"EntryPoint","urlTemplate":"https:\/\/auxdelicesdelorient.com\/?s={search_term_string}"},"query-input":"required name=search_term_string"}],"inLanguage":"en-GB"},{"@type":"Organization","@id":"https:\/\/auxdelicesdelorient.com\/#organization","name":"Aux d\u00e9lices de l'Orient","url":"https:\/\/auxdelicesdelorient.com\/","logo":{"@type":"ImageObject","inLanguage":"en-GB","@id":"https:\/\/auxdelicesdelorient.com\/#\/schema\/logo\/image\/","url":"","contentUrl":"","caption":"Aux d\u00e9lices de l'Orient"},"image":{"@id":"https:\/\/auxdelicesdelorient.com\/#\/schema\/logo\/image\/"},"sameAs":["https:\/\/www.facebook.com\/auxdelicesdelorient\/"]}]}},"_links":{"self":[{"href":"https:\/\/auxdelicesdelorient.com\/english\/wp-json\/wp\/v2\/pages\/29245"}],"collection":[{"href":"https:\/\/auxdelicesdelorient.com\/english\/wp-json\/wp\/v2\/pages"}],"about":[{"href":"https:\/\/auxdelicesdelorient.com\/english\/wp-json\/wp\/v2\/types\/page"}],"author":[{"embeddable":true,"href":"https:\/\/auxdelicesdelorient.com\/english\/wp-json\/wp\/v2\/users\/1"}],"replies":[{"embeddable":true,"href":"https:\/\/auxdelicesdelorient.com\/english\/wp-json\/wp\/v2\/comments?post=29245"}],"version-history":[{"count":29,"href":"https:\/\/auxdelicesdelorient.com\/english\/wp-json\/wp\/v2\/pages\/29245\/revisions"}],"predecessor-version":[{"id":29882,"href":"https:\/\/auxdelicesdelorient.com\/english\/wp-json\/wp\/v2\/pages\/29245\/revisions\/29882"}],"wp:attachment":[{"href":"https:\/\/auxdelicesdelorient.com\/english\/wp-json\/wp\/v2\/media?parent=29245"}],"curies":[{"name":"wp","href":"https:\/\/api.w.org\/{rel}","templated":true}]}}