{"id":28842,"date":"2019-11-25T04:45:28","date_gmt":"2019-11-25T03:45:28","guid":{"rendered":"http:\/\/themes.themegoods.com\/grandrestaurant\/demo1\/?page_id=2"},"modified":"2021-06-10T21:24:53","modified_gmt":"2021-06-10T19:24:53","slug":"home1","status":"publish","type":"page","link":"https:\/\/auxdelicesdelorient.com\/english\/","title":{"rendered":"ACCUEIL"},"content":{"rendered":"<div  class=\"one fullwidth\"><\/div>\n<div  class=\"one ppb_card_two_cols_with_image\" style=\"padding: 50px 0 70px 0 !important;position:relative;padding:40px 0 40px 0;\" >\n<div class=\"standard_wrapper\">\n<div class=\"page_content_wrapper\">\n<div class=\"inner\">\n<div class=\"one_half parallax_scroll_image\" style=\"width:65%;\">\n<div class=\"image_classic_frame expand\">\n<div class=\"image_wrapper\"><a href=\"https:\/\/auxdelicesdelorient.com\/wp-content\/uploads\/2019\/11\/Restaurant-aux-delices-de-lorient.jpg\" class=\"img_frame\"><img decoding=\"async\" src=\"https:\/\/auxdelicesdelorient.com\/wp-content\/uploads\/2019\/11\/Restaurant-aux-delices-de-lorient.jpg\" class=\"portfolio_img\" alt=\"\"\/><\/a><\/div>\n<\/div>\n<\/div>\n<div class=\"one_half last parallax_scroll\" style=\"width:40%;position:absolute;right:90px;padding:40px;background:#ffffff;\" data-stellar-ratio=\"1.3\">\n<h2 class=\"ppb_title\" ><span class=\"ppb_title_first\" >Welcome to<\/span>Aux d\u00e9lices de l'Orient<\/h2>\n<div class=\"ppb_subtitle\" >Oriental Restaurant based in Noyon, Oise<\/div>\n<div class=\"page_header_sep left\" ><\/div>\n<p>Since its opening in 2014, <strong><span style=\"color: #ff9900;\">To the delights of the East<\/span><\/strong> is part of the heart of the local community and its reputation continues to spread over the years. A warm, friendly and chic place, where you can consume <strong><span style=\"color: #ff9900;\">the best Oriental<\/span> <span style=\"color: #ff9900;\">of the region of l &amp; #8217; Oise<\/span><\/strong>. Come and taste <span style=\"color: #444444;\">an <span style=\"color: #ff9900;\"><strong>authentic Moroccan cuisine<\/strong><\/span>, with strictly prepared <strong><span style=\"color: #ff9900;\">homemade dishes<\/span><\/strong> and from <strong><span style=\"color: #ff9900;\">fresh local produce<\/span><\/strong>. <\/span><span style=\"color: #444444;\">Check out our <strong><span style=\"color: #ff9900;\">menu<\/span> <\/strong>which proposes <strong><span style=\"color: #ff9900;\">traditional dishes<\/span><\/strong> such as <strong><span style=\"color: #ff9900;\">tajine<\/span> <\/strong>and <span style=\"color: #ff9900;\"><strong>couscous<\/strong> <\/span>among others.<\/span><\/p>\n<p>Or opt for a <span style=\"color: #ff9900;\"><strong>gourmet break<\/strong><\/span>\u00a0 around #8217; a <span style=\"color: #ff9900;\"><strong>Mint tea<\/strong><\/span> along with <span style=\"color: #ff9900;\"><strong>oriental pastries<\/strong><\/span>.<\/p>\n<p>Guests are invited to join the team to taste the flavors of this <strong><span style=\"color: #ff9900;\">unique culinary destination<\/span><\/strong><\/div>\n<p><br class=\"clear\"\/><\/div>\n<\/div>\n<\/div>\n<\/div>\n<div class=\"divider one\">&nbsp;<\/div>\n<div  class=\"parallax title\" data-image=\"https:\/\/auxdelicesdelorient.com\/wp-content\/uploads\/2019\/11\/Tajine-restaurant-noyon-scaled.jpeg\" data-width=\"2560\" data-height=\"1707\" data-content-height=\"60\" ><\/div>\n<div  class=\"one ppb_card_two_cols_with_image\" style=\"padding: 50px 0 70px 0 !important;position:relative;padding:40px 0 40px 0;\" >\n<div class=\"standard_wrapper\">\n<div class=\"page_content_wrapper\">\n<div class=\"inner\">\n<div class=\"one_half parallax_scroll\" style=\"width:40%;position:absolute;left:90px;padding:40px;z-index:2;block !important;background:#ffffff;\" data-stellar-ratio=\"1.3\">\n<h2 class=\"ppb_title\" ><span class=\"ppb_title_first\" >Our<\/span>short story<\/h2>\n<div class=\"page_header_sep left\" ><\/div>\n<p>&quot; <strong><span style=\"color: #ff9900;\">Aux d\u00e9lices de l'Orient<\/span><\/strong> \" What is hiding behind this name.<\/p>\n<p>The tale started in 2014, when <strong><span style=\"color: #ff9900;\">Salima and Abdel<\/span><\/strong> wishing to settle in the <strong><span style=\"color: #ff9900;\">of Noyon<\/span><\/strong>area built a palate with a thousand flavors in the heart of the city.<\/p>\n<p>Since then, the owners of the place propose a <strong><span style=\"color: #ff9900;\">tasty journey<\/span><\/strong> to multiple destinations: <strong><span style=\"color: #ff9900;\">tagines<\/span><\/strong>, <span style=\"color: #ff9900;\"><strong>couscous<\/strong><\/span>, <strong><span style=\"color: #ff9900;\">briwates<\/span><\/strong>&#8230;<\/p>\n<p>The ideal place for travelers wishing to eat and discover the great secrets of the restaurant <strong><span style=\"color: #ff9900;\">Aux d\u00e9lices de l'Orient<\/span><\/strong>.<\/p>\n<p>The story tells that every traveler making a stop in the palace <strong><span style=\"color: #ff9900;\">can<\/span><span style=\"color: #ff9900;\">not help coming back.<\/span><\/strong> Some speak of legend, others of enchantment, it is up to you to make your own opinion.<\/div>\n<div class=\"one_half parallax_scroll_image last\" style=\"width:65%;\">\n<div class=\"image_classic_frame expand\">\n<div class=\"image_wrapper\"><a href=\"https:\/\/auxdelicesdelorient.com\/wp-content\/uploads\/2019\/11\/image000011-scaled-e1574689846725.jpeg\" class=\"img_frame\"><img decoding=\"async\" src=\"https:\/\/auxdelicesdelorient.com\/wp-content\/uploads\/2019\/11\/image000011-scaled-e1574689846725.jpeg\" class=\"portfolio_img\" alt=\"\"\/><\/a><\/div>\n<\/div>\n<\/div>\n<p><br class=\"clear\"\/><\/div>\n<\/div>\n<\/div>\n<\/div>\n<div class=\"divider one\">&nbsp;<\/div>\n<div  class=\"parallax title\" data-image=\"https:\/\/auxdelicesdelorient.com\/wp-content\/uploads\/2019\/11\/couscous-restaurant-noyon-scaled.jpeg\" data-width=\"2560\" data-height=\"1766\" data-content-height=\"60\" ><\/div>\n<div  class=\"one ppb_card_two_cols_with_image\" style=\"padding: 50px 0 70px 0 !important;position:relative;padding:40px 0 40px 0;\" >\n<div class=\"standard_wrapper\">\n<div class=\"page_content_wrapper\">\n<div class=\"inner\">\n<div class=\"one_half parallax_scroll\" style=\"width:40%;position:absolute;left:90px;padding:40px;z-index:2;block !important;background:#ffffff;\" data-stellar-ratio=\"1.3\">\n<h2 class=\"ppb_title\" ><span class=\"ppb_title_first\" >Discover<\/span>the menu card<\/h2>\n<div class=\"ppb_subtitle\" >Briwates, Tajines, Couscous, be ready to taste!<\/div>\n<div class=\"page_header_sep left\" ><\/div>\n<p><span style=\"color: #000000;\">On the spot or to take away, discover all our <\/span><span style=\"color: #ff9900;\"><strong style=\"font-weight: bold;\">homemade<\/strong><\/span><span style=\"color: #000000;\"> specialities : couscous, tajines, pastries... Only cooked from <\/span><strong><span style=\"color: #ff9900;\">fresh and local products<\/span><\/strong><span style=\"color: #000000;\">\u00a0, our\u00a0<\/span><strong style=\"font-weight: bold; color: #000000;\"><span style=\"color: #ff9900;\">homemade dishes<\/span>\u00a0<\/strong><span style=\"color: #000000;\">will delight the taste buds of all guests.\u00a0<\/span><\/p>\n<p><span style=\"color: #a2a2a2;\"><span style=\"color: #000000;\">In our menu you will find a variety of dishes ranging from our delicious <strong><span style=\"color: #ff9900;\">tagines<\/span> <\/strong>to the iconic <strong><span style=\"color: #ff9900;\">couscous<\/span><\/strong> not to mention our famous <strong><span style=\"color: #ff9900;\">briwates<\/span><\/strong>. <\/span><\/span><\/p>\n<p style=\"text-align: left;\"><a class=\"button\" href=\"https:\/\/auxdelicesdelorient.com\/english\/sur-place\/\">Learn more<\/a><\/p>\n<\/div>\n<div class=\"one_half parallax_scroll_image last\" style=\"width:65%;\">\n<div class=\"image_classic_frame expand\">\n<div class=\"image_wrapper\"><a href=\"https:\/\/auxdelicesdelorient.com\/wp-content\/uploads\/2019\/11\/carte-tajine-noyon.jpg\" class=\"img_frame\"><img decoding=\"async\" src=\"https:\/\/auxdelicesdelorient.com\/wp-content\/uploads\/2019\/11\/carte-tajine-noyon.jpg\" class=\"portfolio_img\" alt=\"\"\/><\/a><\/div>\n<\/div>\n<\/div>\n<p><br class=\"clear\"\/><\/div>\n<\/div>\n<\/div>\n<\/div>\n<div  class=\"parallax title\" data-image=\"https:\/\/auxdelicesdelorient.com\/wp-content\/uploads\/2019\/11\/Tajine-oriental-noyon-scaled.jpeg\" data-width=\"2560\" data-height=\"1751\" data-content-height=\"60\" ><\/div>\n<div class=\"divider one\">&nbsp;<\/div>\n<div  class=\"one withsmallpadding\" >\n<div class=\"standard_wrapper\">\n<div class=\"page_content_wrapper\" style=\"text-align:center\">\n<div class=\"inner\"><\/div>\n<\/div>\n<\/div>\n<\/div>\n<div  class=\"one\" style=\"position:relative;padding:40px 0 40px 0;\" >\n<div class=\"standard_wrapper\">\n<div>\n<div class=\"inner\">\n<div class=\"parallax_scroll_image\" id=\"map1623353093111087698\" style=\"width:65%;height:500px;float:left;\">\n<div class=\"map-marker\" data-latlng=\"49.5808,3.00009\" data-icon=\"https:\/\/auxdelicesdelorient.com\/wp-content\/uploads\/2019\/11\/ici.png\" ><\/div>\n<\/div>\n<div class=\"one_half last parallax_scroll\" style=\"width:40%;position:absolute;right:90px;background:#ffffff;padding:40px;\" data-stellar-ratio=\"1.3\">\n<h2 class=\"ppb_title\" ><span class=\"ppb_title_first\" >Where<\/span>find us ?<\/h2>\n<div class=\"page_header_sep left\" ><\/div>\n<p><strong>To the delights of the East<\/strong><br \/>\n27 Place Bertrand Labarre<br \/>\n60400 Noyon<br \/>\n03 60 19 07 32<\/div>\n<p><br class=\"clear\"\/><\/div>\n<\/div>\n<\/div>\n<\/div>","protected":false},"excerpt":{"rendered":"<p>BienvenueAux d\u00e9lices de l&#039;Orient Restaurant Oriental bas\u00e9 \u00e0 Noyon dans l&#039;Oise Depuis son ouverture en 2014, Aux d\u00e9lices de l&#8217;Orient fait partie du c\u0153ur de la communaut\u00e9 locale et sa r\u00e9putation ne cesse de se r\u00e9pandre au fil des ann\u00e9es. [&hellip;]<\/p>\n","protected":false},"author":1,"featured_media":0,"parent":0,"menu_order":0,"comment_status":"open","ping_status":"open","template":"","meta":{"_monsterinsights_skip_tracking":false,"_monsterinsights_sitenote_active":false,"_monsterinsights_sitenote_note":"","_monsterinsights_sitenote_category":0,"footnotes":""},"yoast_head":"<!-- This site is optimized with the Yoast SEO plugin v22.6 - https:\/\/yoast.com\/wordpress\/plugins\/seo\/ -->\n<title>Aux d\u00e9lices de l&#039;Orient - Restaurant Oriental \u00e0 Noyon<\/title>\n<meta name=\"description\" content=\"Restaurant et traiteur, cuisine et sp\u00e9cialit\u00e9s orientale \u00e0 Noyon. D\u00e9gustez le meilleur de la cuisine Marocaine \u00e0 Noyon dans l&#039;Oise. Des produits frais et locaux, de la viande de qualit\u00e9 sont au rendez-vous !\" \/>\n<meta name=\"robots\" content=\"index, follow, max-snippet:-1, max-image-preview:large, max-video-preview:-1\" \/>\n<link rel=\"canonical\" href=\"https:\/\/auxdelicesdelorient.com\/english\/\" \/>\n<meta property=\"og:locale\" content=\"en_GB\" \/>\n<meta property=\"og:type\" content=\"article\" \/>\n<meta property=\"og:title\" content=\"Aux d\u00e9lices de l&#039;Orient - Restaurant Oriental \u00e0 Noyon\" \/>\n<meta property=\"og:description\" content=\"Restaurant et traiteur, cuisine et sp\u00e9cialit\u00e9s orientale \u00e0 Noyon. D\u00e9gustez le meilleur de la cuisine Marocaine \u00e0 Noyon dans l&#039;Oise. Des produits frais et locaux, de la viande de qualit\u00e9 sont au rendez-vous !\" \/>\n<meta property=\"og:url\" content=\"https:\/\/auxdelicesdelorient.com\/english\/\" \/>\n<meta property=\"og:site_name\" content=\"Aux d\u00e9lices de l&#039;orient\" \/>\n<meta property=\"article:publisher\" content=\"https:\/\/www.facebook.com\/auxdelicesdelorient\/\" \/>\n<meta property=\"article:modified_time\" content=\"2021-06-10T19:24:53+00:00\" \/>\n<meta property=\"og:image\" content=\"https:\/\/auxdelicesdelorient.com\/wp-content\/uploads\/2019\/12\/visu-meta-3.jpg\" \/>\n\t<meta property=\"og:image:width\" content=\"1200\" \/>\n\t<meta property=\"og:image:height\" content=\"630\" \/>\n\t<meta property=\"og:image:type\" content=\"image\/jpeg\" \/>\n<meta name=\"twitter:card\" content=\"summary_large_image\" \/>\n<meta name=\"twitter:label1\" content=\"Estimated reading time\" \/>\n\t<meta name=\"twitter:data1\" content=\"2 minutes\" \/>\n<script type=\"application\/ld+json\" class=\"yoast-schema-graph\">{\"@context\":\"https:\/\/schema.org\",\"@graph\":[{\"@type\":\"WebPage\",\"@id\":\"https:\/\/auxdelicesdelorient.com\/\",\"url\":\"https:\/\/auxdelicesdelorient.com\/\",\"name\":\"Aux d\u00e9lices de l'Orient - Restaurant Oriental \u00e0 Noyon\",\"isPartOf\":{\"@id\":\"https:\/\/auxdelicesdelorient.com\/#website\"},\"primaryImageOfPage\":{\"@id\":\"https:\/\/auxdelicesdelorient.com\/#primaryimage\"},\"image\":{\"@id\":\"https:\/\/auxdelicesdelorient.com\/#primaryimage\"},\"thumbnailUrl\":\"https:\/\/auxdelicesdelorient.com\/wp-content\/uploads\/2019\/11\/Restaurant-aux-delices-de-lorient.jpg\",\"datePublished\":\"2019-11-25T03:45:28+00:00\",\"dateModified\":\"2021-06-10T19:24:53+00:00\",\"description\":\"Restaurant et traiteur, cuisine et sp\u00e9cialit\u00e9s orientale \u00e0 Noyon. D\u00e9gustez le meilleur de la cuisine Marocaine \u00e0 Noyon dans l'Oise. Des produits frais et locaux, de la viande de qualit\u00e9 sont au rendez-vous !\",\"breadcrumb\":{\"@id\":\"https:\/\/auxdelicesdelorient.com\/#breadcrumb\"},\"inLanguage\":\"en-GB\",\"potentialAction\":[{\"@type\":\"ReadAction\",\"target\":[\"https:\/\/auxdelicesdelorient.com\/\"]}]},{\"@type\":\"ImageObject\",\"inLanguage\":\"en-GB\",\"@id\":\"https:\/\/auxdelicesdelorient.com\/#primaryimage\",\"url\":\"https:\/\/auxdelicesdelorient.com\/wp-content\/uploads\/2019\/11\/Restaurant-aux-delices-de-lorient.jpg\",\"contentUrl\":\"https:\/\/auxdelicesdelorient.com\/wp-content\/uploads\/2019\/11\/Restaurant-aux-delices-de-lorient.jpg\"},{\"@type\":\"BreadcrumbList\",\"@id\":\"https:\/\/auxdelicesdelorient.com\/#breadcrumb\",\"itemListElement\":[{\"@type\":\"ListItem\",\"position\":1,\"name\":\"Accueil\",\"item\":\"https:\/\/auxdelicesdelorient.com\/\"},{\"@type\":\"ListItem\",\"position\":2,\"name\":\"ACCUEIL\"}]},{\"@type\":\"WebSite\",\"@id\":\"https:\/\/auxdelicesdelorient.com\/#website\",\"url\":\"https:\/\/auxdelicesdelorient.com\/\",\"name\":\"Aux d\u00e9lices de l&#039;orient\",\"description\":\"Restaurant Oriental \u00e0 Noyon\",\"publisher\":{\"@id\":\"https:\/\/auxdelicesdelorient.com\/#organization\"},\"potentialAction\":[{\"@type\":\"SearchAction\",\"target\":{\"@type\":\"EntryPoint\",\"urlTemplate\":\"https:\/\/auxdelicesdelorient.com\/?s={search_term_string}\"},\"query-input\":\"required name=search_term_string\"}],\"inLanguage\":\"en-GB\"},{\"@type\":\"Organization\",\"@id\":\"https:\/\/auxdelicesdelorient.com\/#organization\",\"name\":\"Aux d\u00e9lices de l'Orient\",\"url\":\"https:\/\/auxdelicesdelorient.com\/\",\"logo\":{\"@type\":\"ImageObject\",\"inLanguage\":\"en-GB\",\"@id\":\"https:\/\/auxdelicesdelorient.com\/#\/schema\/logo\/image\/\",\"url\":\"\",\"contentUrl\":\"\",\"caption\":\"Aux d\u00e9lices de l'Orient\"},\"image\":{\"@id\":\"https:\/\/auxdelicesdelorient.com\/#\/schema\/logo\/image\/\"},\"sameAs\":[\"https:\/\/www.facebook.com\/auxdelicesdelorient\/\"]}]}<\/script>\n<!-- \/ Yoast SEO plugin. -->","yoast_head_json":{"title":"Aux d\u00e9lices de l'Orient - Restaurant Oriental \u00e0 Noyon","description":"Restaurant et traiteur, cuisine et sp\u00e9cialit\u00e9s orientale \u00e0 Noyon. D\u00e9gustez le meilleur de la cuisine Marocaine \u00e0 Noyon dans l'Oise. Des produits frais et locaux, de la viande de qualit\u00e9 sont au rendez-vous !","robots":{"index":"index","follow":"follow","max-snippet":"max-snippet:-1","max-image-preview":"max-image-preview:large","max-video-preview":"max-video-preview:-1"},"canonical":"https:\/\/auxdelicesdelorient.com\/english\/","og_locale":"en_GB","og_type":"article","og_title":"Aux d\u00e9lices de l'Orient - Restaurant Oriental \u00e0 Noyon","og_description":"Restaurant et traiteur, cuisine et sp\u00e9cialit\u00e9s orientale \u00e0 Noyon. D\u00e9gustez le meilleur de la cuisine Marocaine \u00e0 Noyon dans l'Oise. Des produits frais et locaux, de la viande de qualit\u00e9 sont au rendez-vous !","og_url":"https:\/\/auxdelicesdelorient.com\/english\/","og_site_name":"Aux d\u00e9lices de l&#039;orient","article_publisher":"https:\/\/www.facebook.com\/auxdelicesdelorient\/","article_modified_time":"2021-06-10T19:24:53+00:00","og_image":[{"width":1200,"height":630,"url":"https:\/\/auxdelicesdelorient.com\/wp-content\/uploads\/2019\/12\/visu-meta-3.jpg","type":"image\/jpeg"}],"twitter_card":"summary_large_image","twitter_misc":{"Estimated reading time":"2 minutes"},"schema":{"@context":"https:\/\/schema.org","@graph":[{"@type":"WebPage","@id":"https:\/\/auxdelicesdelorient.com\/","url":"https:\/\/auxdelicesdelorient.com\/","name":"Aux d\u00e9lices de l'Orient - Restaurant Oriental \u00e0 Noyon","isPartOf":{"@id":"https:\/\/auxdelicesdelorient.com\/#website"},"primaryImageOfPage":{"@id":"https:\/\/auxdelicesdelorient.com\/#primaryimage"},"image":{"@id":"https:\/\/auxdelicesdelorient.com\/#primaryimage"},"thumbnailUrl":"https:\/\/auxdelicesdelorient.com\/wp-content\/uploads\/2019\/11\/Restaurant-aux-delices-de-lorient.jpg","datePublished":"2019-11-25T03:45:28+00:00","dateModified":"2021-06-10T19:24:53+00:00","description":"Restaurant et traiteur, cuisine et sp\u00e9cialit\u00e9s orientale \u00e0 Noyon. D\u00e9gustez le meilleur de la cuisine Marocaine \u00e0 Noyon dans l'Oise. Des produits frais et locaux, de la viande de qualit\u00e9 sont au rendez-vous !","breadcrumb":{"@id":"https:\/\/auxdelicesdelorient.com\/#breadcrumb"},"inLanguage":"en-GB","potentialAction":[{"@type":"ReadAction","target":["https:\/\/auxdelicesdelorient.com\/"]}]},{"@type":"ImageObject","inLanguage":"en-GB","@id":"https:\/\/auxdelicesdelorient.com\/#primaryimage","url":"https:\/\/auxdelicesdelorient.com\/wp-content\/uploads\/2019\/11\/Restaurant-aux-delices-de-lorient.jpg","contentUrl":"https:\/\/auxdelicesdelorient.com\/wp-content\/uploads\/2019\/11\/Restaurant-aux-delices-de-lorient.jpg"},{"@type":"BreadcrumbList","@id":"https:\/\/auxdelicesdelorient.com\/#breadcrumb","itemListElement":[{"@type":"ListItem","position":1,"name":"Accueil","item":"https:\/\/auxdelicesdelorient.com\/"},{"@type":"ListItem","position":2,"name":"ACCUEIL"}]},{"@type":"WebSite","@id":"https:\/\/auxdelicesdelorient.com\/#website","url":"https:\/\/auxdelicesdelorient.com\/","name":"Aux d\u00e9lices de l&#039;orient","description":"Restaurant Oriental \u00e0 Noyon","publisher":{"@id":"https:\/\/auxdelicesdelorient.com\/#organization"},"potentialAction":[{"@type":"SearchAction","target":{"@type":"EntryPoint","urlTemplate":"https:\/\/auxdelicesdelorient.com\/?s={search_term_string}"},"query-input":"required name=search_term_string"}],"inLanguage":"en-GB"},{"@type":"Organization","@id":"https:\/\/auxdelicesdelorient.com\/#organization","name":"Aux d\u00e9lices de l'Orient","url":"https:\/\/auxdelicesdelorient.com\/","logo":{"@type":"ImageObject","inLanguage":"en-GB","@id":"https:\/\/auxdelicesdelorient.com\/#\/schema\/logo\/image\/","url":"","contentUrl":"","caption":"Aux d\u00e9lices de l'Orient"},"image":{"@id":"https:\/\/auxdelicesdelorient.com\/#\/schema\/logo\/image\/"},"sameAs":["https:\/\/www.facebook.com\/auxdelicesdelorient\/"]}]}},"_links":{"self":[{"href":"https:\/\/auxdelicesdelorient.com\/english\/wp-json\/wp\/v2\/pages\/28842"}],"collection":[{"href":"https:\/\/auxdelicesdelorient.com\/english\/wp-json\/wp\/v2\/pages"}],"about":[{"href":"https:\/\/auxdelicesdelorient.com\/english\/wp-json\/wp\/v2\/types\/page"}],"author":[{"embeddable":true,"href":"https:\/\/auxdelicesdelorient.com\/english\/wp-json\/wp\/v2\/users\/1"}],"replies":[{"embeddable":true,"href":"https:\/\/auxdelicesdelorient.com\/english\/wp-json\/wp\/v2\/comments?post=28842"}],"version-history":[{"count":91,"href":"https:\/\/auxdelicesdelorient.com\/english\/wp-json\/wp\/v2\/pages\/28842\/revisions"}],"predecessor-version":[{"id":30244,"href":"https:\/\/auxdelicesdelorient.com\/english\/wp-json\/wp\/v2\/pages\/28842\/revisions\/30244"}],"wp:attachment":[{"href":"https:\/\/auxdelicesdelorient.com\/english\/wp-json\/wp\/v2\/media?parent=28842"}],"curies":[{"name":"wp","href":"https:\/\/api.w.org\/{rel}","templated":true}]}}